/((33/234)/(-11)). What is the greatest common factor of 351 and r?
117
Let u = 44 + -67. Let p = 43 + u. Let g = -42 - -62. Calculate the highest common divisor of g and p.
20
Let q be (444/(-185))/((-2)/40). Suppose 0 = q*y - 18*y - 720. Let c(a) = -a**3 + a**2 - a + 2. Let d be c(-2). What is the greatest common factor of y and d?
8
Let n be (11/2)/(-1 - (-9)/6). Let u = n - 13. Let t be u/(-3)*(19 + -1). Calculate the greatest common divisor of t and 30.
6
Suppose 0*s + 9*s - 13795 = 28667. Calculate the highest common divisor of s and 14.
14
Let b(d) = d**3 - 13*d**2 - d + 18. Let g be (-11)/22 - (-27)/2. Let k be b(g). What is the greatest common divisor of 45 and k?
5
Let d = 134 - 90. Suppose -f = 4*b - 88, 3*b = b + 6*f + 70. Let x = d - b. What is the greatest common divisor of 63 and x?
21
Suppose -48*n + 46 = -46*n. Suppose -33*c + 110 = -n*c. Calculate the highest common divisor of c and 33.
11
Suppose -240 + 933 = v - 961. What is the greatest common divisor of 2 and v?
2
Let x(i) = 9*i - 3*i + i**2 + 6 - 12*i. Let c be x(6). Calculate the highest common divisor of c and 78.
6
Suppose 4*y = -3*s + 228, 3*y - 2*s = -0*s + 188. What is the greatest common factor of 2076 and y?
12
Let i(y) = -y**2 + 26*y - 74. Let l be i(8). Calculate the greatest common factor of 238 and l.
14
Suppose 10*u + 3084 = -346. Let f = u - -571. What is the highest common divisor of f and 12?
12
Let w be (-7 - (-5)/((-5)/(-3))) + 19. Suppose w + 9 = 4*s. Suppose -3*m = 3*v - 18, -3*m - v + s = -4*v. What is the highest common divisor of 28 and m?
4
Let u = 87 - 61. Suppose 3*w - u = -2*c - 0*c, -3*c + 52 = -2*w. Suppose -2*j = 4*x - 22, 3*x + c = -j + 6*j. Calculate the highest common factor of x and 1.
1
Suppose 14*p + 32 - 32 = 0. Let k(g) = 28*g + 90. Let m be k(p). What is the highest common factor of 30 and m?
30
Let v = 24 + 116. Calculate the highest common divisor of v and 175.
35
Let g(f) = -3168*f**2 + 9511*f - 6. Let t be g(3). Suppose -1509 = -5*b - 3*k, -59 = -2*b + k + 538. What is the greatest common factor of b and t?
15
Let t(u) = u**2 + 30*u + 181. Let h be t(-8). Suppose 7*k - 10 = h*k. What is the highest common divisor of 135 and k?
5
Suppose -8337*t = -8330*t - 217. Calculate the greatest common divisor of 5549 and t.
31
Let a(n) = -n**2 + 22*n - 89. Let o be a(16). What is the highest common divisor of 31 and o?
1
Let h = 13508 + -13428. Calculate the highest common divisor of h and 38240.
80
Let j(r) = -134*r**3 + 13*r**2 + 65*r**3 + 70*r**3 - 15*r. Let o be j(-14). Let s = -18 + 32. Calculate the greatest common divisor of o and s.
14
Let g = -7631 - -7690. What is the highest common divisor of 11918 and g?
59
Let k be 6/(12/4) + (-6)/3. Suppose -2*a + 9 = 5*f - k, 4*f = -4*a. Let w = -2 + 17. Calculate the highest common factor of f and w.
3
Suppose -o - 45 - 2 = -3*m, o + 54 = -4*m. Let u = -18 - o. Calculate the highest common divisor of 48 and u.
16
Suppose -243 = -o - 0*o. Let g be 9*8/12 - 0. Let b be (30 - (-1 + g)) + 2. Calculate the highest common factor of o and b.
27
Suppose 19*b + 167849 = 5*i + 21*b, 4*i - 3*b = 134247. What is the greatest common divisor of i and 67?
67
Let a = 14286 + -1704. Calculate the highest common divisor of 162 and a.
54
Let v = -29 - -161. Suppose -12*j - v = -13*j. What is the greatest common factor of j and 24?
12
Suppose -448*a - 567 = -455*a. Calculate the highest common factor of 423 and a.
9
Let c be -8 - (-1972)/6 - (-12)/(-18). Calculate the greatest common factor of c and 20.
20
Let x be (16 + -19)/(2/18). Let z = x - -27. Suppose -4*d + 8 - 4 = z. Calculate the highest common divisor of d and 3.
1
Suppose -8*k + 288 = 24. Suppose 3*t + 5*u - 19 = 0, -5*t + 6 = 2*u - 13. Suppose -t*y - 8*y = -k. Calculate the greatest common factor of 24 and y.
3
Let q(t) = -2*t**2 + 30*t - 16. Let m be q(16). Let f be 54*33*(-8)/m. What is the highest common factor of f and 11?
11
Suppose -3*h - 5 = -32. Suppose -4*l + 82*a = 80*a - 114, -3 = l + 3*a. What is the highest common factor of l and h?
3
Suppose 3 = 3*u, c + 23 = 4*c - u. Let s = -744 - -1127. Suppose -a - 5*i = -16, -387*a = -s*a + 3*i - 30. Calculate the greatest common factor of a and c.
2
Let t(r) = r**2 - 18*r - 12. Let m be t(-14). Suppose -75 = m*g - 441*g. Calculate the greatest common factor of g and 435.
15
Let q(p) = -p**3 + 29*p**2 - 38*p + 99. Let s be q(27). What is the highest common factor of 236 and s?
59
Let l(i) = 224*i**2 + 264*i + 18. Let n be l(-6). Calculate the highest common factor of 18 and n.
18
Let h(w) = -w**2 - 17*w - 45. Let s be h(-13). Let a be (s/14)/(2335/(-1170) + 2). What is the highest common factor of a and 13?
13
Suppose 194*n - 66600 = -258*n - 148*n. What is the highest common divisor of n and 13?
1
Let r be 96*(2 + 25/(-20)). Let a be (-91)/(-14) + 2/4. Let h = a + 2. Calculate the greatest common divisor of r and h.
9
Let j be 4 - 4/16*-4. Calculate the greatest common factor of 4650 and j.
5
Let y(s) = 3*s**2 - 4. Let c be y(-4). Suppose 2*o = 5*t - 760, 15*o + 283 = 2*t + 10*o. What is the greatest common divisor of t and c?
22
Suppose -81769*c + 81765*c = -1472. Calculate the highest common divisor of 848 and c.
16
Let v(m) = m**2 - 2*m - 3. Let c be v(-4). Let n(t) = 354*t + 7416. Let k be n(-20). What is the greatest common divisor of c and k?
21
Let o = 2257 - 2255. What is the greatest common factor of 367 and o?
1
Let b be (2/(4/210))/1. Suppose -7*u = 239 - 50. Let i be (9/(-3))/3*(u + 6). Calculate the highest common divisor of i and b.
21
Let h be (-43)/(-3)*(-56)/(-84)*2934/4. Calculate the greatest common factor of h and 652.
163
Let v be 70/4*14*(-228)/(-294). Calculate the highest common factor of 2565 and v.
95
Let c = 204 - 632. Let r = 536 + c. Calculate the greatest common factor of 12 and r.
12
Suppose 4*v + 199 = 4*m - 45, -m = -1. Let j be (-6)/8*1040/v. What is the highest common factor of 247 and j?
13
Let g be ((-429)/(-78) + 3*-3)*-654. Calculate the greatest common factor of g and 63.
21
Let z = 1038 - 368. Suppose -v + 3*s - 1242 = 2*v, s - 2070 = 5*v. Let p = v + z. What is the greatest common divisor of 32 and p?
32
Let y(c) = -469*c**3 - c. Let r be y(-1). Let v = r - 295. What is the highest common divisor of v and 75?
25
Let b = -78 - -65. Let k(m) = 2*m**2 + 23*m - 28. Let y be k(b). Calculate the greatest common factor of y and 77.
11
Let p(n) = 1037*n - 1414. Let b be p(6). What is the greatest common factor of b and 8?
8
Suppose -76 = -s + 118. Let h = 535 - s. Let m(y) = 16*y - 289. Let p be m(20). Calculate the greatest common factor of h and p.
31
Let q = 9637 + -8584. Calculate the greatest common divisor of q and 208.
13
Let j be 5*(-301)/1075 + (426/15 - -2). Let c(w) = w**2. Let x be c(2). Suppose x*m - 522 = 2*m. What is the greatest common divisor of m and j?
29
Suppose 3*k + 1181 = 5*i, 5*i + 19*k - 18*k = 1193. Let j(n) = -n**3 + 7*n**2 + 15*n + 12. Let u be j(8). What is the highest common factor of u and i?
34
Suppose -2*y + 4 - 2 = 0. Suppose 20235 + 44054 = 1213*s. What is the greatest common divisor of s and y?
1
Let l = 77 - 88. Let r be (3/(-3))/((l/(-32))/(-11)). Calculate the highest common divisor of 352 and r.
32
Let b be 1710/39 + (-264)/(-1716). What is the greatest common factor of b and 1078?
22
Let v be 8*52/48 - (-28)/(-42). What is the highest common divisor of v and 23624?
8
Suppose -46*p + 50*p = 12. Let u be (1*3)/((-9)/(-36*p)). Calculate the highest common factor of 306 and u.
18
Let h = -56 + 70. Suppose 0*c - 2*c - h = -4*b, 2*b + c = 5. Let v = -7 - -16. Calculate the highest common factor of b and v.
3
Let x = 2687 - 2678. What is the greatest common divisor of 159 and x?
3
Let u = -159 - -162. Let l be (6 + (9 - u))*(-3 - -5). What is the greatest common factor of l and 16?
8
Suppose -14786 = -48*n + 29038. What is the highest common factor of 415 and n?
83
Let l be (9 - 3899/(-7))*-1. Let w = -539 - l. Let m = 27 + -18. Calculate the greatest common factor of m and w.
9
Let m = -4874 + 5080. What is the greatest common factor of 10094 and m?
206
Let z be (4950/35)/(-9)*-7. Let b be 9/(-6)*z/(-15). What is the highest common divisor of b and 693?
11
Let m(y) = 57*y + 8. Let p be m(6). Suppose -4*x + 205 = -x + 5*a,